eds digit of 2993?
9
What is the tens digit of 67939?
3
What is the units digit of 8387?
7
What is the tens digit of 153839?
3
What is the tens digit of 57981?
8
What is the units digit of 21481?
1
What is the units digit of 11682?
2
What is the hundreds digit of 1207?
2
What is the hundred thousands digit of 119042?
1
What is the units digit of 15416?
6
What is the thousands digit of 4304?
4
What is the ten thousands digit of 90332?
9
What is the units digit of 968?
8
What is the tens digit of 1283?
8
What is the thousands digit of 8427?
8
What is the thousands digit of 2495?
2
What is the hundreds digit of 1604?
6
What is the ten thousands digit of 26547?
2
What is the tens digit of 8658?
5
What is the hundreds digit of 1078?
0
What is the tens digit of 1060?
6
What is the hundreds digit of 19240?
2
What is the ten thousands digit of 63664?
6
What is the units digit of 904?
4
What is the tens digit of 1350?
5
What is the thousands digit of 5673?
5
What is the hundreds digit of 28506?
5
What is the tens digit of 41579?
7
What is the tens digit of 4468?
6
What is the tens digit of 21812?
1
What is the ten thousands digit of 36478?
3
What is the tens digit of 42878?
7
What is the units digit of 1030?
0
What is the tens digit of 9321?
2
What is the thousands digit of 2237?
2
What is the tens digit of 8630?
3
What is the hundreds digit of 616?
6
What is the units digit of 989?
9
What is the tens digit of 15484?
8
What is the units digit of 26873?
3
What is the hundreds digit of 2672?
6
What is the units digit of 8543?
3
What is the hundreds digit of 263?
2
What is the hundreds digit of 1239?
2
What is the tens digit of 6587?
8
What is the hundreds digit of 16201?
2
What is the units digit of 745?
5
What is the hundreds digit of 4281?
2
What is the hundreds digit of 37965?
9
What is the units digit of 1525?
5
What is the tens digit of 55699?
9
What is the hundreds digit of 171?
1
What is the units digit of 65704?
4
What is the tens digit of 19911?
1
What is the units digit of 4651?
1
What is the tens digit of 885?
8
What is the thousands digit of 24491?
4
What is the thousands digit of 3151?
3
What is the units digit of 5599?
9
What is the units digit of 2484?
4
What is the tens digit of 28975?
7
What is the thousands digit of 32845?
2
What is the hundreds digit of 2262?
2
What is the tens digit of 70782?
8
What is the tens digit of 4723?
2
What is the thousands digit of 33715?
3
What is the units digit of 53569?
9
What is the thousands digit of 4303?
4
What is the ten thousands digit of 23593?
2
What is the units digit of 27222?
2
What is the thousands digit of 1546?
1
What is the tens digit of 18717?
1
What is the units digit of 2300?
0
What is the units digit of 675?
5
What is the units digit of 60659?
9
What is the tens digit of 22703?
0
What is the tens digit of 2265?
6
What is the thousands digit of 3315?
3
What is the hundreds digit of 27747?
7
What is the tens digit of 493?
9
What is the thousands digit of 2488?
2
What is the hundreds digit of 9128?
1
What is the thousands digit of 4124?
4
What is the tens digit of 13456?
5
What is the ten thousands digit of 82626?
8
What is the tens digit of 1790?
9
What is the thousands digit of 9724?
9
What is the hundreds digit of 33133?
1
What is the tens digit of 6639?
3
What is the units digit of 475?
5
What is the tens digit of 1383?
8
What is the tens digit of 3880?
8
What is the units digit of 3626?
6
What is the thousands digit of 6195?
6
What is the tens digit of 15394?
9
What is the units digit of 26685?
5
What is the units digit of 1029?
9
What is the hundreds digit of 21776?
7
What is the tens digit of 1715?
1
What is the hundreds digit of 15488?
4
What is the units digit of 1789?
9
What is the thousands digit of 24317?
4
What is the units digit of 29855?
5
What is the hundreds digit of 12597?
5
What is the tens digit of 32738?
3
What is the tens digit of 760?
6
What is the tens digit of 23503?
0
What is the thousands digit of 1187?
1
What is the hundreds digit of 1714?
7
What is the tens digit of 16215?
1
What is the thousands digit of 7883?
7
What is the hundreds digit of 5136?
1
What is the units digit of 18902?
2
What is the hundreds digit of 23532?
5
What is the ten thousands digit of 24216?
2
What is the units digit of 206?
6
What is the tens digit of 20735?
3
What is the tens digit of 33622?
2
What is the thousands digit of 43799?
3
What is the thousands digit of 16766?
6
What is the thousands digit of 88113?
8
What is the thousands digit of 81923?
1
What is the hundreds digit of 37061?
0
What is the tens digit of 6078?
7
What is the thousands digit of 35138?
5
What is the hundreds digit of 585?
5
What is the hundreds digit of 446?
4
What is the thousands digit of 3013?
3
What is the tens digit of 10951?
5
What is the thousands digit of 6058?
6
What is the units digit of 443?
3
What is the units digit of 8588?
8
What is the tens digit of 7638?
3
What is the tens digit of 158850?
5
What is the units digit of 143?
3
What is the tens digit of 12206?
0
What is the thousands digit of 4837?
4
What is the hundreds digit of 1098?
0
What is the thousands digit of 9840?
9
What is the units digit of 320?
0
What is the tens digit of 42?
4
What is the tens digit of 79578?
7
What is the tens digit of 290?
9
What is the thousands digit of 115880?
5
What is the tens digit of 4854?
5
What is the hundred thousands digit of 161224?
1
What is the thousands digit of 28830?
8
What is the hundreds digit of 1094?
0
What is the tens digit of 3610?
1
What is the tens digit of 15005?
0
What is the hundreds digit of 1664?
6
What is the hundreds digit of 133652?
6
What is the ten thousands digit of 10994?
1
What is the hundreds digit of 1611?
6
What is the thousands digit of 2643?
2
What is the hundreds digit of 26007?
0
What is the thousands digit of 145833?
5
What is the hundreds digit of 941?
9
What is the tens digit of 115022?
2
What is the thousands digit of 145850?
5
What is the units digit of 4807?
7
What is the thousands digit of 25758?
5
What is the units digit of 7?
7
What is the hundreds digit of 9493?
4
What is the tens digit of 248?
4
What is the hundreds digit of 1182?
1
What is the ten thousands digit of 40614?
4
What is the units digit of 7443?
3
What is the tens digit of 574?
7
What is the tens digit of 15393?
9
What is the ten thousands digit of 20386?
2
What is the units digit of 95426?
6
What is the thousands digit of 16375?
6
What is the thousands digit of 24031?
4
What is the hundreds digit of 55224?
2
What is the tens digit of 991?
9
What is the units digit of 1923?
3
What is the ten thousands digit of 12007?
1
What is the hundreds digit of 3909?
9
What is the hundreds digit of 482?
4
What is the thousands digit of 95124?
5
What is the ten thousands digit of 91021?
9
What is the thousands digit of 2844?
2
What is the hundreds digit of 10500?
5
What is the ten thousands digit of 11687?
1
What is the units digit of 25?
5
What is the units digit of 1041?
1
What is the units digit of 349?
9
What is the tens digit of 18084?
8
What is the tens digit of 597?
9
What is the tens digit of 221?
2
What is the units digit of 662?
2
What is the tens digit of 4816?
1
What is the ten thousands digit of 39052?
3
What is the units digit of 822?
2
What is the hundreds digit of 13621?
6
What is the thousands digit of 35027?
5
What is the thousands digit of 17962?
7
What is the units digit of 2076?
6
What is the tens digit of 42285?
8
What is the hundreds digit of 2522?
5
What is the hundreds digit of 48218?
2
What is the thousands digit of 8517?
8
What is the units digit of 31105?
5
What is the units digit of 2880?
0
What is the units digit of 977?
7
What is the hundreds digit of 1676?
6
What is the hundreds digit of 1312?
3
What is the hundreds digit of 7753?
7
What is the hundreds digit of 3132?
1
What is the tens digit of 665?
6
What is the tens digit of 1999?
9
What is the hundreds digit of 713?
7
What is the thousands digit of 1400?
1
What is the thousands digit of 17396?
7
What is the tens digit of 879?
7
What is the units digit of 5614?
4
What is the tens digit of 90260?
6
What is the hundred thousands digit of 132786?
1
What is the ten thousands digit of 27215?
2
What is the tens digit of 1637?
3
